he prime factors of h?
2, 13
Let c(v) = v**2 - 7. Suppose -5*s - 2*o + 82 = 0, -2*o + 6*o = -3*s + 52. Let p be c(s). Suppose -t = -3*a + p, -3 = t - 0. List the prime factors of a.
2, 41
Let i be 48 + 12/(-3) + 3 + -5. List the prime factors of (i*-2)/(52/(-130)).
2, 3, 5, 7
Let n = 398 + 2446. List the prime factors of n.
2, 3, 79
Let i(v) be the first derivative of v**3/3 + 6*v**2 + 303*v + 53. What are the prime factors of i(0)?
3, 101
Suppose 3*i = -3*j + 34545, 1089*j - 1087*j + 57589 = 5*i. List the prime factors of i.
3, 11, 349
Let g = 387 + -383. Let o(j) = j. Let h(v) = 5*v**2 + 4*v - 1. Let n(i) = h(i) - 5*o(i). What are the prime factors of n(g)?
3, 5
Let j(d) = 101*d**2 - 355*d + 56. What are the prime factors of j(-9)?
2, 1429
Suppose -25*y + 36*y - 75712 - 92401 = 0. List the prime factors of y.
17, 29, 31
Let w(a) = -5*a**2 + 30*a - 1. Let g(o) = -3*o**2 + 1 - 4*o**2 + 1 - 31*o + 13*o**2. Let l(s) = 3*g(s) + 4*w(s). What are the prime factors of l(12)?
2, 19
Let o = -262 + 304. List the prime factors of o*(-238)/(-21) - -6.
2, 241
Let r(x) = 393*x**3 + 3*x**2 + 954*x - 5675. List the prime factors of r(6).
5, 73, 233
Suppose -p + 2 = 0, 3*a - 31 + 3 = -5*p. Let y = a - 9. What are the prime factors of 4 - (-52 - 0/y)?
2, 7
Suppose 362*k = -3511139 + 19749319 + 2743290. What are the prime factors of k?
5, 10487
Let r be 8/3*87/116. Suppose -3178 = -9*n + r*n. List the prime factors of n.
2, 227
Let h(u) be the second derivative of u**5/10 - u**4/12 - 5*u**3/2 - 7*u**2 + 261*u. What are the prime factors of h(6)?
2, 73
Suppose -3*l = -77 + 5. Let y = l - -57. Suppose 3*u + y = 3*n - 81, 5*u = -2*n + 87. List the prime factors of n.
3, 17
Let j(l) = -l**2 - 48*l - 43. Let z be j(-47). Suppose 8*g - 4*g = -3*x + 6593, -z*x - 3324 = -2*g. What are the prime factors of g?
2, 7, 59
Let d be 10/(-40) - (-10929)/(-12). Let r = -435 - d. List the prime factors of r.
2, 7, 17
Let q be (-132527)/(-11) + (-1)/(-11). Suppose -4*v - 8*v + q = 0. What are the prime factors of v?
2, 251
Suppose 28 = 4*k - 12. Let x be (-2 + 112/k)*-30. What are the prime factors of (7/14)/((-3)/x)?
2, 23
Suppose 3*j - 2205 = -11*j + 1785. Let a(h) = -2*h**3 + h**2 - 5*h + 2. Let x be a(4). Let l = j + x. List the prime factors of l.
5, 31
Suppose 0 = 5*o - 3*k - 24, 4*k = -2*o - 2*o. Let j be -3 + 0 + (69 - o). Suppose 11*h + j = 14*h. What are the prime factors of h?
3, 7
Suppose 0 = q + 5*g - 10, q = 2*g - 0 - 4. Suppose 2*w - 12 + 4 = q. Suppose -36 = -n - w*a, -33 = -0*n - 2*n + 5*a. What are the prime factors of n?
2, 3
Let o = -45073 + 78351. List the prime factors of o.
2, 7, 2377
Suppose 0 = -4*o - 4*p + 36, -9 - 9 = -2*o - 4*p. Suppose 0 = -o*r - 210 + 3747. List the prime factors of r.
3, 131
Suppose -8*t - 2100 = -2*t. Let p = 504 + t. Let g = p - 99. List the prime factors of g.
5, 11
Suppose 5*d - r - 8268 = 0, 1162 = d + 4*r - 479. What are the prime factors of d?
3, 19, 29
Suppose -o - 3*j + 47758 = 0, -5*j = 4*o - 254656 + 63610. List the prime factors of o.
2, 11941
Let g be (-858)/(-11)*1/6. Suppose 5*w - v = 277, g*v - 18*v = 4*w - 239. What are the prime factors of w?
2, 7
Let v be (-2)/4*(4 - -2). Let s be 2/(-2)*0/v. Suppose 2*q - 4*f - 114 = s, -4*q - f = 2*f - 228. List the prime factors of q.
3, 19
Let g = -65768 - -104167. What are the prime factors of g?
19, 43, 47
Suppose -5*l - 5*f + 45 = 0, 2*f + 7 = -l + 5*f. Suppose -l*m + 999 = -s, -5*m = -6*m + 4*s + 215. List the prime factors of m.
199
Suppose 0 = -4*m + x + 772, 20*x + 8 = 22*x. Suppose 0 = -3*h + 204 + 93. Let b = m - h. What are the prime factors of b?
5, 19
Suppose 0 = -17*a + 18*a + 20. Let z be (a/8)/(1/(-2)). Suppose z*i + 80 - 515 = 0. List the prime factors of i.
3, 29
What are the prime factors of ((-8)/10)/((-237)/761955)?
2, 643
Suppose -225*f + 232*f = 9877. Let y = f + -925. List the prime factors of y.
2, 3
Suppose 0 = 2*m - 6*x + 5*x + 4, -x = 5*m - 4. Suppose 3*j + 996 = 5*j. Suppose -t = -m*p - 3*p + 498, j = 3*p + 5*t. What are the prime factors of p?
2, 83
Let z = 118 - 142. What are the prime factors of 6/4 - 13260/z?
2, 277
Let c = 80 - 75. Suppose -5*v + 68 = -c*y + 318, 0 = 5*y - 20. Let o = v - -96. What are the prime factors of o?
2, 5
Let x = -212 + 247. Suppose 64 = 5*v - v. Let o = x - v. List the prime factors of o.
19
What are the prime factors of 2/(-15) + (-108771032)/(-2040)?
3, 7, 2539
Let h(b) = -b**2 - 2*b + 7. Let g be h(-4). Let t be ((-44)/(-22))/(g*(-2)/3). Suppose 1017 - 258 = t*a. What are the prime factors of a?
11, 23
List the prime factors of (-11302 + 4 + 13 + -19)/(6/(-8)).
2, 3, 157
Suppose 46*m + 43*m - 1707530 = -120*m. List the prime factors of m.
2, 5, 19, 43
Let r(m) = -m**3 - 4*m**2 + 9*m - 4. Let n be r(-6). List the prime factors of (2/n)/1 - 9815/(-91).
2, 3
Let d = 3124 + -3119. Let t(j) = j**2 + j + 30. Let c be t(0). Suppose r = -3*p + 2*r + c, 24 = p - d*r. What are the prime factors of p?
3
Let z(k) = -4*k + 103. Let d(r) = -r + 34. Let j(g) = -g**2 - 3*g - 2. Let p be j(-3). Let q(v) = p*z(v) + 7*d(v). List the prime factors of q(0).
2
Suppose -5*o = -3*x - 92, -2*o = 3*x + x - 42. Let k = o - 22. Let c = 72 + k. What are the prime factors of c?
3, 23
List the prime factors of (570700/(-8))/(-13) + (-28)/(-8).
17, 19
Let r(u) = -u**2 + 9*u - 4. Let k be r(8). Suppose 0 = 3*h - 3*n - 21, h - 6*h + k*n = -35. Suppose h*l = 2*l + 305. List the prime factors of l.
61
Let t = 83 - 78. Suppose -2*w = -q - 5, -t*q - 9 = -5*w + 1. Suppose 0 = 2*c + h - 123, -3*h - 184 = -w*c - 4*h. List the prime factors of c.
61
Let o = -52 + 8. Let c = o + 42. List the prime factors of (131/1 - -3) + c.
2, 3, 11
Let r(z) = -8273*z - 541. What are the prime factors of r(-1)?
2, 1933
Let j = 3907 - -2118. List the prime factors of j.
5, 241
Let p = 4 + -18. Let o(g) = -24*g + 122. Let b(f) = -17*f + 81. Let t(a) = -7*b(a) + 5*o(a). List the prime factors of t(p).
3, 19
Let w(o) = -51*o**3 - 23*o + 247. List the prime factors of w(-7).
3, 13, 17
Let b be (-16)/2 + (40/(-4))/5. Let l be (b/30)/(2/6 - 0). List the prime factors of (16/6)/(l/(-30)).
2, 5
Let t(k) = 33*k**2 + 2*k - 42. Suppose 0*f = -9*f - 45. List the prime factors of t(f).
773
Suppose 3*k = -0*s + 2*s - 26, -5*k - 2*s - 38 = 0. Let x(t) = -21*t + 45. List the prime factors of x(k).
3, 71
Suppose -4*z = -t + 1096, -4*t - 822 = 3*z - 0*z. Let p = 17 - z. What are the prime factors of p?
3, 97
Let w = 257 + -266. List the prime factors of -1*w/(-18)*(-1596)/3.
2, 7, 19
Let r = -15311 - -22463. What are the prime factors of r?
2, 3, 149
Let h(s) = -9*s - 25. Let b be h(-3). Suppose -y = b*j - 3*j - 203, -4*j + 836 = 4*y. List the prime factors of y.
2, 103
Let q(u) = -10*u + 209. Let k(y) = -5*y + 105. Let l(r) = -9*k(r) + 4*q(r). Let i(f) = -2*f + 55. Let o(x) = -5*i(x) - 3*l(x). List the prime factors of o(-18).
2, 71
List the prime factors of (-31500800)/(-1380) - (-7)/3.
37, 617
Suppose 65*b - 276060 = -172*b + 6898641. List the prime factors of b.
3, 10091
Let o = -39 + 99. Let r be (-2)/5 + (-96)/o. What are the prime factors of 1 + (-384)/(-4) + r + -1?
2, 47
Let n be 6 + (-1 - (-3 - -4)). Let u be (6/(-4))/((-6)/n). What are the prime factors of (-1938)/17*u/(-2)?
3, 19
Suppose -3*g + 7361 = 2*u, -u = -6*g + 9*g - 3679. List the prime factors of u.
2, 7, 263
Suppose 24*f = 22*f - 12. What are the prime factors of f*1/2 + (-44)/(-2)?
19
Let g(t) = t**3 - 10*t**2 + 26*t - 2. Let s = -3 + 14. Suppose 3*z - s = 4. What are the prime factors of g(z)?
3
Let l(b) = -9*b**3 + 3*b**2 + 3*b - 1. Suppose 4*n = -c + 9, 4 = 2*n - 2*c - 8. Let a be l(n). What are the prime factors of -2 + (a/(-4) - 4)?
2, 23
Let k(j) = j**3 - 113*j**2 - 155*j - 2148. What are the prime factors of k(119)?
64373
Suppose -5*f + 30 + 30 = 0. Suppose -4*l + 10*l = -f. What are the prime factors of (14 + -16)/(252/(-125) - l)?
5
Let v = 407 - -2598. What are the prime factors of v?
5, 601
Let c(p) = 8 - 4*p + 27 + 5. Let d be c(12). Let q(w) = w**3 + 12*w**2 + 18*w + 16. What are the prime factors of q(d)?
2
Suppose -5889 = 32*v + 7423. What are the prime factors of 3/8 + (-110916)/v?
3, 89
Let x be (-2)/3 - 2*34/(-12). Let z = x - -360. Suppose 2*c - 219 = -3*j, 2*j - z = -3*j + c. What are the prim